+ 7. Let i be 126/(-27)*(-3)/(-2). Calculate o(i).
0
Let k(o) be the third derivative of 4*o**2 + 0*o - 1/2*o**3 + 0 - 1/12*o**4. Suppose -z - 8 = z. Give k(z).
5
Let p(s) = s**3 - 7*s**2 + s - 3. Let f be p(7). Let y(h) = h + 1. Give y(f).
5
Let l(d) be the second derivative of d**5/20 + 5*d**4/12 + d**3/6 - 3*d**2/2 - 3*d. What is l(-4)?
9
Let i(n) = n**3 - 8*n**2 - n + 10. Let b be i(8). Suppose -g - 3*g + r = 7, 0 = -5*g - b*r + 1. Let a(w) = -7*w**3 + 2*w**2 + w. Calculate a(g).
8
Let x(a) be the second derivative of -a**5/20 + a**4 + 13*a**3/6 + 7*a**2/2 + 9*a. What is x(13)?
7
Let k(m) = -m + m - m + 5*m**2. Let h be 1/2 + 3/6. What is k(h)?
4
Let g(x) = -2*x + 2. Suppose -6 = 3*t, b - 11 = 6*b - 2*t. What is g(b)?
8
Let g(a) = -7*a + 10. Let h(i) = 15*i - 20. Let r(n) = -13*g(n) - 6*h(n). Give r(7).
-3
Let h(v) = v**3 + 10*v**2 + 6*v + 7. Let d(q) = -2*q**3 - 21*q**2 - 12*q - 15. Let s(o) = 4*d(o) + 9*h(o). Let n be -5 + 2 - (-1 - -3). Determine s(n).
-2
Let f be 5*(-1 - 27/(-15)). Let d(r) be the third derivative of 1/24*r**4 + 0*r + 2*r**2 + 0 + 0*r**3. What is d(f)?
4
Let p(j) = j**2 - 5*j + 3. Suppose 12 = -x + 4*x. Suppose -5*g + 3*h = -35, -x*h - 19 = -g + 5. Give p(g).
-1
Let m(t) = -t + 2. Suppose -c = c - 4. Suppose -c*u - u = 5*s + 19, 2 = u. Let o(y) = y + 9. Let z be o(s). Calculate m(z).
-2
Suppose 5*s + 15 = z, -3*z - s + 15 = -6*s. Let m(b) = b**3 + 5*b**2 + 6. Let t(c) = c**2. Let a(r) = m(r) - 4*t(r). Calculate a(z).
6
Suppose -2*w + 5*a - 4 + 18 = 0, 0 = -3*w + 3*a + 30. Let q(v) = -w*v + 17*v - 2 + v**2 - 1. What is q(-5)?
-3
Suppose -31 = -4*r - 3*w, -3*r + 5*w - 13 = -0*w. Suppose -2*h - r = -14. Let u(p) = 0 - p + 5 - 1 + 1. What is u(h)?
0
Let y(a) be the first derivative of -a**3/3 + 5*a**2/2 + 4*a - 1. Let j be y(5). Let p(v) = -v + 5. Determine p(j).
1
Let i(z) = 5*z + 4. Let r(s) = -3*s + 3. Let f be r(2). Determine i(f).
-11
Let p(t) = t + 5. Suppose -4*s + 11 = -5*g, -2*s = 3*g - 4*s + 7. Give p(g).
2
Suppose -7*n + 12*n = -35. Let s(k) = -k**3 - 6*k**2 + 9*k + 6. Calculate s(n).
-8
Let f = 28 + -65. Let k = 56 + f. Suppose -5*z - 4*y + 10 = y, -5*z = 2*y - k. Let x(t) = -t**2 + 4*t + 7. Give x(z).
2
Let k(r) = -7*r**2 - 3*r - 13. Let s(d) = -10*d**2 - 5*d - 19. Let z(v) = -7*k(v) + 5*s(v). Determine z(-4).
-4
Let j(y) be the first derivative of -5*y**2/2 + y - 1. Let n be ((-3)/(3 + 0))/(7/(-7)). Give j(n).
-4
Let p(o) be the third derivative of -7/60*o**5 - 9*o**2 + 1/120*o**6 + 0*o + 1/12*o**4 - 1/2*o**3 + 0. Calculate p(7).
11
Let k = -8 - -3. Let s = k + 3. Let i(u) = -2*u + 1. What is i(s)?
5
Let i(v) be the third derivative of v**6/720 + v**5/60 + v**4/6 + v**2. Let l(j) be the second derivative of i(j). What is l(0)?
2
Let d(i) = -i. Let k(r) be the first derivative of -5*r**2/2 - 5*r + 39. Suppose -5 = 2*h + 3*h. Let w(m) = h*k(m) + 4*d(m). What is w(-5)?
0
Suppose 3*l - 9 = -0*l. Let n(t) be the second derivative of t**3/6 - 3*t**2 - t. Determine n(l).
-3
Let s(y) be the third derivative of -y**7/5040 - y**6/240 - y**5/30 + y**2. Let u(q) be the third derivative of s(q). What is u(-3)?
0
Let v(x) = 4 - 2*x - 2 - 3. Suppose -38*f + 6 = -41*f. Give v(f).
3
Let p(l) = l + 1. Let k(c) = -c**3 + 6*c**2 - c - 7. Let d be k(5). Let s = d + -9. Calculate p(s).
5
Let n(t) = -t**2 + 7*t - 5. Suppose -4 - 4 = -2*u. Determine n(u).
7
Let f(n) be the third derivative of n**4/12 + 3*n**3/2 + 26*n**2. Determine f(-6).
-3
Let m = 44 - 4. Let f be 2/(-4) + m/16. Suppose 6 = f*v - 4. Let i(u) = u**3 - 5*u**2 - 1. What is i(v)?
-1
Suppose 6 = 4*f + 2*r, 6*r + 5 = 5*r. Let o(s) be the second derivative of -1/20*s**5 - 2*s**2 + 5/12*s**4 + 0 - 1/2*s**3 - s. Determine o(f).
0
Let s(r) = 6*r**2 - r + 1. Let y(f) = f + 3. Let u be y(-4). Let b be 2 + 0 + u/1. Let n be (-1 + 2 - b) + 1. What is s(n)?
6
Let q(r) be the first derivative of r**6/360 + r**5/24 - r**4/4 + r**3/3 - 4. Let s(y) be the third derivative of q(y). Determine s(-5).
-6
Let j(w) = w - 8. Suppose 3*x = -5*z - 18, 3*x - 3*z + 3 = -15. What is j(x)?
-14
Let j(w) be the second derivative of w**4/6 - 2*w**3/3 + w. Give j(3).
6
Suppose -3 + 13 = 2*w + 5*n, 2*w + n - 2 = 0. Let m(q) = 6*q + 3*q**3 + 0*q**3 - 2 - 2*q**3 + w*q**3 - 6*q**2. Give m(5).
3
Let q(s) = s + 1. Let a(n) = -6*n + 4 - 6 + 0 - 1. Let b(l) = -a(l) - 5*q(l). Determine b(0).
-2
Let c(b) = -b**3 + 3*b**2 - b + 1. Let h(g) = 4*g**3 - 1. Suppose 8*d - 10 = 3*d. Suppose -5*v + d + 3 = 0. Let s be h(v). What is c(s)?
-2
Let y(k) = -6*k - 7*k + 5 - 19 + 5*k + 13. Let q(m) = m - 3. Let s be q(5). Calculate y(s).
-17
Let v(i) = 2 - i - 2. Suppose 3*t + 1 = -h + 13, -h - 9 = -4*t. Suppose t*k - 4*k - 3*n = 11, 4*k - 4*n - 36 = 0. Calculate v(k).
-4
Let x = 93 + -98. Let o(i) = -i**2 - 8*i - 7. What is o(x)?
8
Let j = -76/13 + 1837/312. Let q(c) be the third derivative of 1/20*c**5 + 0 + 0*c - j*c**4 + 0*c**3 - 2*c**2. What is q(-1)?
4
Let y(c) = 5*c - 2*c - c**2 - 2*c - 1. Let a(m) = m**3 + m**2 + m. Let l be a(0). Let u(d) = d + 1. Let n be u(l). What is y(n)?
-1
Let f(s) = s - 1. Let o(v) = 2*v - 2. Let g(q) = -10*f(q) + 4*o(q). Let h be 1*-2*1/(-2). Suppose 0 = -4*x - h + 9. Determine g(x).
-2
Let y = 27 - 27. Let c(h) be the first derivative of -h**2/2 - 9*h + 1. Calculate c(y).
-9
Let a(g) = 15*g - 7. Let s(l) = -4*l + 2. Let q(o) = 6*a(o) + 22*s(o). Calculate q(-2).
-2
Let l(p) = -11*p + 2*p**2 - 3*p**2 + 3*p. Let h be l(-6). Suppose 3*t = -h - 0. Let f(w) = w**2 + 4*w + 2. Determine f(t).
2
Suppose 0 = 4*r + 2*p - 30, 0*r - 2*r - 3*p + 25 = 0. Suppose 2 = -r*k - 3. Let z(d) be the third derivative of -d**4/8 + 2*d**2. Determine z(k).
3
Let r(h) be the second derivative of -h**3/3 + 2*h**2 - 20*h. Determine r(-5).
14
Let v be -2*((-2)/4 - 1). Let f(h) = 12*h + 4. Let z(b) be the first derivative of -b**2/2 - b + 4. Let j(o) = f(o) + 8*z(o). Calculate j(v).
8
Let j = 8 + -5. Let o(f) = 3*f - 3 - 2*f - j*f. Suppose 16 = -4*i + 5*y - 4*y, 5*i - 2*y + 17 = 0. Calculate o(i).
7
Let z(c) = -6*c. Let n(j) be the third derivative of -5*j**4/24 - j**3/6 + 3*j**2. Let r(t) = 5*n(t) - 4*z(t). Give r(6).
-11
Suppose 0 = 5*x - 17 + 7. Let y(r) = -11*r + 5*r + 9 + 7*r - x. What is y(0)?
7
Let k be ((-4)/4*6)/1. Let m(u) = -u**2 - 5*u + 7. What is m(k)?
1
Suppose 0 = 3*w - 9, -5*c = -2*c - 3*w + 18. Let i = c - -6. Let j(l) = 0*l**3 + l**3 - 3*l**2 + 0*l**2 + 1 + 2*l. Calculate j(i).
7
Let a(o) = o**3. Let h(s) = -6*s - 6*s**3 + 0*s**3 + s**3 + 3*s**3 + 7*s**2 - 2. Let b(w) = -a(w) - h(w). Calculate b(6).
2
Let r(o) = 8*o - 18. Let w be r(3). Let j(b) = 2*b - b + 5 - 2*b. Give j(w).
-1
Let d(c) = c - 8. Let t be d(4). Let a(y) = y**3 + 4*y**2 - y + 1. Give a(t).
5
Let c be (-6*2/(-3))/1. Suppose 0 = c*d - d. Let x(i) = -6 + 6 + 6 - i. Determine x(d).
6
Suppose 0 = -2*s + 14 + 2. Let y be s/3*12/8. Let u(w) = -3*w + 4. Give u(y).
-8
Let r(k) be the first derivative of k**5/120 + k**3/3 - 1. Let w(y) be the third derivative of r(y). Determine w(3).
3
Let k(s) = 8*s**2 + 2*s + 1. Suppose 0 = 3*w + u - 1, -2*w + 3*u - 18 = -4. What is k(w)?
7
Let c(p) = p**2 + 5*p + 4. Suppose 5*g + 3 = -17, -4*u = 4*g. Suppose -u*x = 13 + 7. Give c(x).
4
Let p(q) = q - 3 - 6 + 3. Calculate p(0).
-6
Let y(d) = -d**3 - 9*d**2 + 8*d - 7. Let x be y(-10). Let n(u) = -7*u**2 + 10*u. Let i(w) = -15*w**2 + 21*w. Let s(a) = x*n(a) - 6*i(a). Determine s(3).
3
Let t(n) be the first derivative of -n**3 - n**2 - n + 3. Suppose 2*u = 2*z - 5*z + 23, 4*z - 20 = 0. Suppose -7 = -5*o + u*a, 7 = -o - 0*a - 2*a. What is t(o)?
-2
Let p(z) be the third derivative of z**4/24 - z**3/2 - z**2. Let v be p(10). Let b(o) = 2*o. Let j(s) = -6*s - 1. Let f(m) = v*b(m) + 2*j(m). What is f(-3)?
-8
Let d(h) = 1. Let u(s) = 2*s - 6. Let a(p) = -d(p) - u(p). Determine a(-4).
13
Let x be (-4)/4 - 2/(-2). Let z(l) = -l**2 - l - 12. Give z(x).
-12
Let g(s) = 5*s + 7*s + 1 - s - 4*s. Suppose x = -0 + 3. Suppose -k - 2*c = x, -c = c + 2. Determine g(k).
-6
Let l(n) = 3*n**2 + n - 1. Let t be -4 - (-3 + (-6)/(-3)). What is l(t)?
23
Let f(k) = -8*k - 75. Let p be f(-9). Let t(n) = -n + 0 - 2 - n**2 - 1. What is t(p)?
-9
Let a(r) be the third derivative of 1/6*r**3 - 1/4*r**4 + 6*r**2 + 0 + 0*r - 1/60*r**5. What is a(-7)?
-6
Let w(z) = 1 + 4*z + 2*z - 3*z. Let f(l